o**2 + 0*o**2. What is the units digit of a(v)?
9
Suppose 0 = 7*n - 8*n + 3. Suppose -2*s = -5*v + 11, n*s = -s + 2*v + 2. What is the units digit of s?
2
Suppose -5*c = -c - 276. What is the units digit of c?
9
Let x be (-6)/(-4)*16/12. Let h = x - 1. Suppose 4*o - h = 7. What is the units digit of o?
2
Let l(m) = -m**2 - 3*m - 4. Let x be l(-3). What is the units digit of (3 - 1)/(x/(-94))?
7
What is the tens digit of 4 + -33*3*-1?
0
Let b(n) be the second derivative of 3*n + 1/3*n**3 - 1/20*n**5 + 0 - 1/6*n**4 + n**2. What is the units digit of b(-3)?
5
Suppose 0 = 3*z - 9. What is the units digit of z?
3
Suppose 3*m + 5 = -4. Let g(l) = 2 + l**2 - l**2 + 3*l**2 + l**3 + 2. What is the units digit of g(m)?
4
Let z be 1 + -2 - (-36)/(-2). Let p = 27 + z. What is the units digit of p?
8
Suppose -4*h + 3 + 5 = 0. Suppose 0*t = t + h. Let u = t + 4. What is the units digit of u?
2
Suppose -7*v + 12*v - 200 = 0. What is the units digit of v?
0
Let s(t) = t**2 + 2*t - 6. Suppose -4*l + l + 18 = 0. What is the tens digit of s(l)?
4
Let i = 263 + -174. What is the units digit of i?
9
Let a(g) = g**2 - 7*g + 5. Suppose 5*d = 170 - 10. Suppose -2*w = 4*c - d, -5*c + 63 = 3*w + 23. What is the units digit of a(c)?
3
Suppose -5*x - 80 = -15. Let s = x - -18. Suppose 5*d = -z + 3*z + 72, 20 = s*z. What is the tens digit of d?
1
Let l(v) = -4*v**3 - 6*v**2 - 4*v - 6. Let w(m) = 3*m**3 + 6*m**2 + 3*m + 6. Let n(c) = -5*l(c) - 6*w(c). What is the tens digit of n(4)?
3
Let f be (2 + 0)*(-19)/(-2). Suppose -4 - f = -5*y + 2*b, -b = -3*y + 14. Suppose 3*u = -y*w + 16, -3*w + 3 = 3*u - 9. What is the units digit of u?
2
Suppose 2*q = 61 - 3. Suppose -91 - q = -5*i. What is the tens digit of i?
2
Suppose -2*h = 2*j - 18, -2*j = -5*h - 19 + 78. What is the units digit of h?
1
Suppose 2*c - t = 5*c - 45, -75 = -5*c + 5*t. Let o be (7 - 1)/(12/(-16)). Let h = o + c. What is the units digit of h?
7
Suppose 9 - 39 = -5*u. What is the units digit of u?
6
Suppose -4*p + 228 = 12. Suppose -g + p = 2*g. What is the units digit of g?
8
Let f be 0/3 + -2 + 4. Let b = -4 + f. Let s = 6 + b. What is the units digit of s?
4
Suppose 3*j - 51 = -6. Let q = -1 - -5. Suppose -j = -q*x + x. What is the units digit of x?
5
Let y be (-4)/18 - (-4)/18. Suppose y = 4*x - 48 + 8. What is the units digit of x?
0
Let x = 27 - -51. What is the tens digit of x?
7
Let c = -4 + 6. Suppose -6 = 2*n - c. Let v = -1 - n. What is the units digit of v?
1
Let m = 120 + -78. What is the tens digit of m?
4
Suppose -4*q = -5*f + 9, -5*q = -2*f + 4*f - 30. What is the units digit of q?
4
Let f = 7 + -5. Let u = 24 - -36. What is the units digit of ((-2)/f)/((-10)/u)?
6
What is the units digit of -3 + ((-2637)/27)/((-2)/6)?
0
Let y be (-30)/(-4) + (-2)/4. Suppose y + 3 = 2*m. What is the units digit of m?
5
Suppose 19 = -3*h + 121. What is the units digit of h?
4
Let u(n) = 2*n + 1. Let p be 2*1*5/(-10). Let g be u(p). What is the units digit of 10/(-25)*5/g?
2
Let l be (-1 + 2)/(2/6). Let p be (16 - -2)*(l + -1). Suppose f = 5*f - p. What is the units digit of f?
9
Let q = 2 - 2. Suppose -5*b = -q*b - 65. What is the units digit of b?
3
What is the tens digit of (-32)/(-3)*12/4?
3
Let m be 216/15 + 6/(-15). What is the tens digit of 7/m - 21/(-2)?
1
Suppose -5*d + 549 = -1. What is the units digit of d?
0
Suppose -175 = -3*o + 125. What is the units digit of o?
0
What is the units digit of (-348)/(-9) + 2/6?
9
Let d(s) = -19*s + 16. What is the tens digit of d(-8)?
6
Let p be 0 + -1 + (7 - 5). Suppose p = x - 1. Suppose 3*s - x*s = -f + 9, 0 = 5*f - 2*s - 31. What is the units digit of f?
7
Let l = 3 + 39. What is the tens digit of (l/(-4))/((-4)/8)?
2
Let o be 2/7 + (-54)/(-7). Suppose -5*w = -3*j - 17, 2*w + o = -2*w - 3*j. Suppose 5*h + 5*t - 80 = 0, 0 = t - w - 2. What is the units digit of h?
3
Suppose -17*x + 424 + 579 = 0. What is the units digit of x?
9
Let j(v) = 13*v**3 - 11*v**2 + 0 + 2 - 2*v + 2*v**2. Let l(w) = 7*w**3 - 5*w**2 - w + 1. Let s(p) = -6*j(p) + 11*l(p). What is the units digit of s(-2)?
1
Suppose -3*k + 2 = -2*k. Let m = -2 + k. Suppose -2*b + 6*b - 40 = 2*i, m = -b - i + 13. What is the tens digit of b?
1
Suppose 137 = 3*v + 5*i - 347, 3*v + 4*i - 485 = 0. What is the tens digit of v?
6
Let f = 54 + -4. What is the units digit of f?
0
Suppose -4*h - 4*p = -17 - 15, 3*h - 3*p - 6 = 0. Suppose u - 2*l - 4 = -6*l, -u + 5 = h*l. Let r = 5 + u. What is the units digit of r?
5
Let a(w) = 31*w**2 + 9*w + 5. What is the tens digit of a(-3)?
5
Suppose 8*b - 882 = 2*b. What is the hundreds digit of b?
1
Let z = 0 + 3. Let r be 2/z*(-3)/(-2). Let p = r + 0. What is the units digit of p?
1
Suppose 0 = -3*m - 24 - 15. What is the units digit of (-19 - m)/((-3)/8)?
6
Suppose 5*u - 5*c = -c + 224, -4*c + 112 = 2*u. Suppose 0 = -0*d + 4*d - u. What is the units digit of d?
2
Suppose 0*t + 5*t - 20 = 0. Suppose v + t*l - 24 = 0, -v - 2 - 9 = -3*l. What is the units digit of v?
4
Let n = 81 + 104. What is the hundreds digit of n?
1
Suppose -2*m - 28 = 2*m. Suppose 0*s - 25 = 2*h + s, -4*s = 12. Let r = m - h. What is the units digit of r?
4
Let q = 45 + 27. What is the tens digit of q?
7
Let x(i) = -i - 9. What is the tens digit of x(-20)?
1
Suppose -o + 95 = 3*j + o, 3*o = 4*j - 155. What is the units digit of j?
5
Let n = -4 + 7. Let u(f) = 5*f - 3. Let v be u(n). Suppose -j + v = 4. What is the units digit of j?
8
Let b = 10 + 2. Suppose b - 76 = -4*w. What is the units digit of w?
6
Let o = 29 - -20. What is the units digit of o?
9
Suppose -4*n - d + 4*d + 1191 = 0, -n + 4*d = -301. What is the hundreds digit of n?
2
Let k(g) be the third derivative of 11*g**6/40 + g**5/60 + g**4/24 - g**3/6 + 2*g**2. What is the units digit of k(1)?
4
Let r(v) = 12*v**3 - v**2 + 2*v - 1. Let f = -3 + 4. What is the units digit of r(f)?
2
Suppose -2*x + 3*r + 312 = 0, 2*x - 6*x + r = -644. Suppose 5*v = -57 + x. What is the units digit of v?
1
Let a(b) = -b - 3. What is the units digit of a(-13)?
0
Suppose 0 = f + 10 - 57. Let n = f - 34. What is the tens digit of n?
1
Let r(w) = -w**3 + 19*w**2 - 36*w - 3. What is the hundreds digit of r(16)?
1
Let c(n) = 24*n + 2. What is the tens digit of c(3)?
7
Suppose -4*d = d - 5. Suppose 16 = 5*p + d. Let a = p + 6. What is the units digit of a?
9
Let c = 96 + -64. What is the units digit of c?
2
Let w(x) = 3*x**2 + 16*x - 26. What is the hundreds digit of w(-11)?
1
Let w(q) = 2*q**2 - 2*q - 3. Let f be w(-2). Suppose -m + 2*u = -2, m - 3*u - f = -8*u. What is the units digit of m?
4
Suppose 0*q + 15 = 5*q. Suppose -3*p + 5 = 4*c - 8, 4*p + q*c = 22. What is the units digit of p?
7
Suppose -4*o - 16 = 0, -2*f - o = 2*f - 16. Let w = f - 15. Let i(s) = s + 17. What is the units digit of i(w)?
7
Suppose -r - 5 = -0*r. Let p = 14 + r. What is the units digit of 6/4 + p/6?
3
Let s = 0 - -2. Suppose -3*j = 2*c - 15, 0 = -s*j - 3*c + 13 + 2. Let q = j + -1. What is the units digit of q?
2
Suppose -5 = -5*x - 0. What is the tens digit of 31/3 + x/(-3)?
1
Let s = 236 + -134. What is the units digit of s?
2
Let f = 5 - 2. Let z = -3 + f. Suppose -4*u + 5*u - 4 = z. What is the units digit of u?
4
Suppose 0 = -3*a + 7 + 8. Suppose -5*p + a*q + 200 = 0, 0 = -p - p - 2*q + 80. What is the tens digit of p?
4
Let n(x) be the second derivative of -5*x**3/6 - 2*x**2 - 5*x. What is the units digit of n(-3)?
1
Let y = 71 - 49. Let p = -19 + y. What is the units digit of p?
3
Let p = 13 + 151. What is the hundreds digit of p?
1
Let r(y) = -y**3 + 21*y**2 + 25*y + 1. What is the units digit of r(22)?
7
What is the units digit of (-10)/15*(-57)/2?
9
Suppose 2*o = -5*f + 10, -9 = f - 2*f + o. Suppose -f*u = -124 + 32. Let h = u - 14. What is the units digit of h?
9
Suppose -4*f = -2*w - 30, 4*w + w - f = -102. What is the units digit of (14/(-2))/(7/w)?
1
What is the tens digit of (2 - (-264)/20)*5?
7
Suppose -i + 4*p + 22 = 0, -11 = 2*i + 2*p + p. Suppose 26 - 62 = i*b. Let g = 25 + b. What is the units digit of g?
7
Suppose -4*c + 31 + 17 = 0. What is the tens digit of 362/12 - 2/c?
3
Let r = -13 - -11. Let t = 0 + 1. Let a = t - r. What is the units digit of a?
3
Suppose -2*g - 4*g = -426. What is the tens digit of g?
7
Suppose 0 = t + 3*t. Suppose -3*w - 9 + t = 0. Let c(n) = 